mon factor of d and n?
15
Suppose 2*b - 9 = 5. Calculate the highest common divisor of b and 63.
7
Let u = -132 - -138. What is the greatest common factor of u and 18?
6
Suppose x - 2*p - 150 = 0, -410 = -x - 2*x - 2*p. Let y = -39 + 67. What is the highest common factor of x and y?
28
Let l(k) = 2*k - 3. Let v be l(-4). Let x(y) = -y**3 - y**2 - 3*y + 6. Let o be x(-4). Let n = o - v. Calculate the highest common divisor of 11 and n.
11
Let q(y) = 2*y**2 - 6*y + 4. Let o be q(6). Let f = 110 - o. Let g(l) = -l + 6. Let p be g(-8). What is the greatest common divisor of p and f?
14
Suppose -7*w = -9*w + 28. Calculate the highest common factor of w and 112.
14
Let b = -89 - -152. What is the highest common factor of 7 and b?
7
Let r = -24 + 42. Let h(z) = z**3 + 9*z**2 - 16*z - 15. Let c be h(-10). Calculate the greatest common factor of c and r.
9
Let m be (1/(-2))/(4/(-8)). Let u be 7 + m + 3 + -2. What is the greatest common divisor of u and 81?
9
Suppose -46 = -4*b + 38. What is the highest common divisor of 168 and b?
21
Suppose -4*c + 269 - 1 = -4*u, -2*c = 4*u - 122. Let t(m) = 3*m**3 - 3*m**2 + m - 1. Let x be t(2). What is the greatest common factor of x and c?
13
Let t be (-4)/18 + (-442)/117. Let w(g) = -g**3 + 2*g**2 + 4*g. Let p be w(t). Calculate the greatest common divisor of 16 and p.
16
Let k = -12 + 15. Let m be 3 + k - (-1 + 4). What is the greatest common divisor of 2 and m?
1
Let o be 20/(-4) + 0/2. Let z = o + 12. What is the greatest common divisor of 56 and z?
7
Let d be 29 - (-1 + -2 + 6). What is the greatest common factor of 39 and d?
13
Suppose 2*m = -10, -8 = -2*a + 3*m + 11. What is the greatest common divisor of 14 and a?
2
Let w(o) = 5*o. Let c be w(2). Let q be (6 - 1)*8/c. Calculate the highest common divisor of 1 and q.
1
Let w(j) = 16*j**2 + j. Let f = -6 - 1. Let g(p) = p**2 + 8*p + 6. Let i be g(f). Let l be w(i). What is the greatest common factor of l and 15?
15
Suppose -51*s + 55*s - 264 = 0. Suppose -2*m - 2*m + 88 = 0. Calculate the greatest common divisor of m and s.
22
Let u(s) be the second derivative of -s**5/20 - s**4/12 - s**3/6 - s**2 + 2*s. Let z be u(-2). What is the highest common factor of z and 2?
2
Suppose 4*j + c = 7, -7*j + 4*c + 26 = -5*j. Calculate the highest common factor of 3 and j.
3
Suppose w + 3*w - 12 = l, 5*l = 5*w. Suppose w*a - 63 = -3*k, -4*a + 47 + 40 = -5*k. Calculate the greatest common divisor of 45 and a.
9
Let x = 5 + -3. Suppose -d = -0 - 1. Calculate the highest common factor of d and x.
1
Suppose 23 - 1 = l. What is the greatest common factor of 110 and l?
22
Let q = 40 - 31. What is the highest common divisor of 36 and q?
9
Suppose 4*j - 296 = 5208. Let f = -936 + j. Suppose -f = 3*d - 8*d. Calculate the highest common divisor of 8 and d.
8
Let l(w) = -2*w**3 - 2*w**2 + w. Let k be l(-2). Suppose k*g - 12 = 3*g. Suppose 343 = 6*h + 79. Calculate the greatest common divisor of h and g.
4
Suppose 4*y + 9 = -3. Let x(d) = -2*d**3 - 5*d**2 - 2*d - 1. Let s be x(y). What is the highest common divisor of s and 35?
7
Let f = 265 - 165. What is the greatest common divisor of 10 and f?
10
Suppose v = -3*v - 1156. Let c be -1 - (3 + -2)*v. Suppose -s + c = 3*s. What is the highest common factor of 9 and s?
9
Suppose 3*o = 15 + 15. Let y be (-546)/(-30) - 2/o. Suppose 4*a = -2 + 10. What is the greatest common factor of y and a?
2
Let g(b) = -b**2 + 8. Let s be g(0). Let r be 0 + 0 - (0 + 0). Suppose 16 = 2*u - r*u. Calculate the highest common divisor of s and u.
8
Let q(d) = -4*d - 4. Let a be q(-10). Calculate the greatest common divisor of a and 12.
12
Let n(o) = -6*o**3 - 3*o**2 + 4*o + 3. Let g be n(-3). Let t = -66 + g. Calculate the greatest common divisor of t and 24.
12
Suppose -5*b + 145 = -6*m + m, 5*m - 175 = -5*b. Let y = 299 + -171. Calculate the highest common factor of b and y.
32
Let h(q) be the first derivative of -q**4/4 - 5*q**3/3 - q**2/2 - 7*q - 1. Let p be h(-6). Let n = 13 + p. Calculate the highest common divisor of 6 and n.
6
Suppose 4*r - 2 = 8*r + 2*t, 5*t - 4 = -r. Let x = r - -7. Calculate the highest common factor of x and 15.
3
Let r(y) = y**3 - 11*y**2 + 9*y + 10. Let v be r(10). Let u = v - -9. Calculate the highest common factor of 72 and u.
9
Let u = 108 - 86. What is the greatest common divisor of u and 66?
22
Let u(m) = -m**2 + 55. Let b be u(0). Let f = 163 - b. What is the greatest common factor of 12 and f?
12
Let y be 2/4*-4*-1. Let n = -1 + -3. Let p = -2 - n. Calculate the highest common factor of p and y.
2
Suppose 11*x = 6*x + 120. Let p be -2 + 1 + (-1158)/(-6). Calculate the greatest common divisor of p and x.
24
Let r(z) = z**3 - 2*z**2 - 2*z + 1. Let c be r(3). Let m = 9 - c. Let n = 8 - 3. What is the greatest common factor of m and n?
5
Suppose -5*w - 51 + 131 = 0. Let i = 349 + -205. What is the greatest common factor of i and w?
16
Let s = -158 + 232. Suppose -4*a + 7 = -l - 45, -l + s = 5*a. Calculate the highest common divisor of a and 14.
14
Suppose 0 = 5*a - 5*b - 75, -2*b + 0*b + 26 = 2*a. What is the greatest common divisor of 7 and a?
7
Suppose 1 = 4*t - 11. Suppose 0 = -0*v + t*v - 198. Suppose -4*c - 4 = -20, 5*n + 4*c - 46 = 0. Calculate the greatest common factor of n and v.
6
Let p(f) = 3*f**2 - 10*f + 3. Let x be p(4). Calculate the greatest common factor of 33 and x.
11
Let m(w) = w**2 - 20*w + 3. Let z be m(21). What is the highest common divisor of z and 312?
24
Suppose 2*h + h - 72 = 0. Calculate the highest common factor of h and 8.
8
Suppose -13 = -2*k - 3. Calculate the highest common factor of 20 and k.
5
Let h = -28 - -100. Calculate the highest common divisor of 8 and h.
8
Let q be (16 + -1)*(-6)/9. Let k = -9 - q. Suppose 0*f = -4*j + 3*f + k, 0 = -2*j - 4*f + 6. Calculate the highest common factor of 5 and j.
1
Let z(u) = u**3 + u**2 + 26. Let f be z(0). Let m(s) = -5*s - 4. Let g be m(-6). Calculate the highest common divisor of f and g.
26
Let w(u) = -2*u**2 + 43*u + 24. Let h be w(22). What is the highest common factor of 22 and h?
2
Suppose 2*i - 7*i + 25 = 0. Suppose 15 = i*z - 30. Let q = 29 - z. What is the highest common factor of q and 8?
4
Let y = 1 - 2. Let m be (140 + y)*(-6 + 5). Let j = -94 - m. Calculate the highest common factor of j and 5.
5
Let q = 21 + 9. What is the greatest common divisor of q and 150?
30
Suppose -z - 4*j = 0, 0*z + 5*j = z - 27. What is the highest common factor of z and 24?
12
Suppose -t = t + 12. Let m = t + 8. Calculate the highest common divisor of m and 10.
2
Let l be -3*(0 + -1)*11. Calculate the highest common divisor of l and 3.
3
Suppose -48 = -2*w - 0*w. Suppose 3*g - 4*g = -2. Suppose -c - g*c + w = 0. What is the greatest common factor of 16 and c?
8
Suppose 0 = 4*u - 9*u + 370. What is the highest common factor of 37 and u?
37
Suppose 10*p - 440 = 5*p. Suppose 2*m - 12 = -4*b, 6 + 9 = -3*m + 5*b. Suppose 2*h + 1 - 23 = m. Calculate the highest common factor of h and p.
11
Let l be (-6)/(-5)*10/2. What is the highest common factor of 66 and l?
6
Suppose -x + 31 = b, -4*x + 4*b = 5*b - 109. Calculate the greatest common factor of 65 and x.
13
Let d(m) = 6*m**2 - 4*m - 4. Let l be d(5). Let u(a) = -6*a - 4. Let i be u(-3). What is the highest common factor of i and l?
14
Suppose -5*k + k + 279 = -m, 5*k - 360 = 5*m. Calculate the highest common factor of k and 23.
23
Suppose y - 5*y - 4 = -2*h, 5*y + 44 = -4*h. Let l be (1 + -1)/(h/6). Suppose l = -3*r - r + 8. Calculate the greatest common divisor of 22 and r.
2
Let p be ((-21)/(-18) - 2/3)*264. What is the highest common factor of p and 88?
44
Suppose 8 + 0 = 2*t. What is the highest common factor of 4 and t?
4
Suppose -4*d - p = -140, -p + 28 = d + p. Let a be d - (1 + 0)*0. Suppose -j = 3*j - a. Calculate the highest common divisor of 1 and j.
1
Suppose 0 = 5*o - 10, 3*w - 5*o = -w + 6. Calculate the highest common divisor of 32 and w.
4
Let v = -13 + 34. Suppose -4*u = -v + 5. Calculate the greatest common factor of u and 12.
4
Let n = 89 + -39. Calculate the greatest common factor of n and 10.
10
Suppose 6*t - 3*t + 54 = 0. Let z be ((-60)/(-9))/((-4)/t). Calculate the highest common factor of 6 and z.
6
Let f = -16 + 3. Let l = -1 - f. Let t be (-2)/(l/(-10) - -1). What is the highest co